{"id":2290,"date":"2023-02-20T13:16:02","date_gmt":"2023-02-20T13:16:02","guid":{"rendered":"https:\/\/assk.no\/?page_id=2290"},"modified":"2023-02-20T13:16:02","modified_gmt":"2023-02-20T13:16:02","slug":"10-m-luftpistol","status":"publish","type":"page","link":"https:\/\/assk.no\/index.php\/10-m-luftpistol\/","title":{"rendered":"10 m Luftpistol"},"content":{"rendered":"\n<p>Dette er en ISSF \u00f8velse, hvor 60 skudds \u00f8velsen&nbsp;ogs\u00e5 inng\u00e5r i det olympiske programmet.<\/p>\n\n\n\n<p>Det skytes 40 skudd i ungdom-, kvinne-, junior kvinne og veteranklasser p\u00e5 50 minutter, og 60 skudd i klasse menn, inkl. junior menn, p\u00e5 75 minutter. I forberedelsestiden p\u00e5 15 minutter kan en avfyre s\u00e5 mange pr\u00f8veskudd en \u00f8nsker.<br><\/p>\n\n\n\n<p>I mesterskap skyter de 8 beste fra kvalifiseringen, finale. Alle finalistene starter da med 0 poeng. Etter noen innledende runder, m\u00e5 den med lavest poengsum forlate standplassen. Den som til slutt st\u00e5r igjen med h\u00f8yes poengsum, k\u00e5res til mester.<\/p>\n\n\n\n<p>Man&nbsp;premieres etter prestasjonsklasser.<br><\/p>\n\n\n\n<p>For 60 skudd er kravgrensene slik:<\/p>\n\n\n\n<ul class=\"wp-block-list\">\n<li>D \u2013 ingen krav<\/li>\n\n\n\n<li>C \u2013 505 poeng<\/li>\n\n\n\n<li>B \u2013 535 poeng<\/li>\n\n\n\n<li>A \u2013 565 poeng<\/li>\n<\/ul>\n\n\n\n<p>For 40 skudd er klassegrensene slik:<\/p>\n\n\n\n<ul class=\"wp-block-list\">\n<li>D \u2013 ingen krav<\/li>\n\n\n\n<li>C \u2013 335 poeng<\/li>\n\n\n\n<li>B \u2013 355 poeng<\/li>\n\n\n\n<li>A \u2013 375 poeng<\/li>\n<\/ul>\n","protected":false},"excerpt":{"rendered":"<p>Dette er en ISSF \u00f8velse, hvor 60 skudds \u00f8velsen&nbsp;ogs\u00e5 inng\u00e5r i det olympiske programmet. Det skytes 40 skudd i ungdom-, kvinne-, junior kvinne og veteranklasser p\u00e5 50 minutter, og 60 &hellip; <a href=\"https:\/\/assk.no\/index.php\/10-m-luftpistol\/\" class=\"more-link\">Fortsett \u00e5 lese <span class=\"screen-reader-text\">10 m Luftpistol<\/span> <span class=\"meta-nav\">&rarr;<\/span><\/a><\/p>\n","protected":false},"author":1,"featured_media":0,"parent":0,"menu_order":0,"comment_status":"closed","ping_status":"closed","template":"","meta":{"footnotes":""},"class_list":["post-2290","page","type-page","status-publish","hentry"],"_links":{"self":[{"href":"https:\/\/assk.no\/index.php\/wp-json\/wp\/v2\/pages\/2290","targetHints":{"allow":["GET"]}}],"collection":[{"href":"https:\/\/assk.no\/index.php\/wp-json\/wp\/v2\/pages"}],"about":[{"href":"https:\/\/assk.no\/index.php\/wp-json\/wp\/v2\/types\/page"}],"author":[{"embeddable":true,"href":"https:\/\/assk.no\/index.php\/wp-json\/wp\/v2\/users\/1"}],"replies":[{"embeddable":true,"href":"https:\/\/assk.no\/index.php\/wp-json\/wp\/v2\/comments?post=2290"}],"version-history":[{"count":2,"href":"https:\/\/assk.no\/index.php\/wp-json\/wp\/v2\/pages\/2290\/revisions"}],"predecessor-version":[{"id":2300,"href":"https:\/\/assk.no\/index.php\/wp-json\/wp\/v2\/pages\/2290\/revisions\/2300"}],"wp:attachment":[{"href":"https:\/\/assk.no\/index.php\/wp-json\/wp\/v2\/media?parent=2290"}],"curies":[{"name":"wp","href":"https:\/\/api.w.org\/{rel}","templated":true}]}}