{"id":2596,"date":"2023-06-01T06:58:30","date_gmt":"2023-06-01T06:58:30","guid":{"rendered":"https:\/\/assk.no\/?page_id=2596"},"modified":"2023-07-18T18:31:34","modified_gmt":"2023-07-18T18:31:34","slug":"nais8","status":"publish","type":"page","link":"https:\/\/assk.no\/index.php\/nais8\/","title":{"rendered":"NAIS(8)"},"content":{"rendered":"\n<p><strong>Generelt <\/strong>&nbsp;<\/p>\n\n\n\n<p>Duellseriene f\u00f8lger ISSFs regler for hurtigdelen av 25 m pistol. \u00d8vrige del\u00f8velser f\u00f8lger ISSFs reglement for standardpistol. Luft\u00f8velsen f\u00f8lger ISSFs regler for 10 m pistol. F\u00f8lgende nasjonale tilpasninger gjelder:&nbsp;<\/p>\n\n\n\n<p><strong>V\u00e5pengrupper<\/strong>&nbsp;<\/p>\n\n\n\n<ul class=\"wp-block-list\">\n<li><strong>Fin (8F)<\/strong>&nbsp;<br>&nbsp;Alle v\u00e5pen, unntatt enkeltskuddspistoler, i kaliber 5,6 mm (.22\u2019\u2019) til 8,1 mm (.32\u2019\u2019).&nbsp;<br>Avtrekksvekt minimum 1000 g&nbsp;<\/li>\n\n\n\n<li><strong>Grov (8G)<\/strong>&nbsp;<br>Alle v\u00e5pen, unntatt enkeltskuddspistoler, i kaliber 9 mm eller st\u00f8rre. &nbsp;<br>Magnumladninger, jf. feltreglementet, er ikke tillatt. &nbsp;<br>Avtrekksvekt minimum 1360 g&nbsp;<\/li>\n\n\n\n<li><strong>Luft (8L)<\/strong>&nbsp;<br>Alle luftpistoler i kaliber 4,5 mm kan brukes.&nbsp;<\/li>\n<\/ul>\n\n\n\n<p><strong>Program 8F og 8G<\/strong>&nbsp;<\/p>\n\n\n\n<ul class=\"wp-block-list\">\n<li>Forberedelsestid: 3 minutter&nbsp;<\/li>\n\n\n\n<li>Pr\u00f8veserie: 5 skudd p\u00e5 150 sekunder&nbsp;<\/li>\n\n\n\n<li>Konkurranseserier: 2 serier \u00e1 5 skudd p\u00e5 150 sekunder&nbsp;<br>2 duellserier \u00e1 5 skudd &nbsp;<br>1 serie \u00e1 5 skudd p\u00e5 20 sekunder &nbsp;<br>1 serie \u00e1 5 skudd p\u00e5 10 sekunder&nbsp;<\/li>\n<\/ul>\n\n\n\n<p><strong>Program 8L<\/strong>&nbsp;<\/p>\n\n\n\n<ul class=\"wp-block-list\">\n<li>Forberedelsestid: 3 minutter&nbsp;<\/li>\n\n\n\n<li>Antall skudd: 30&nbsp;<\/li>\n\n\n\n<li>Skytetid: 45 minutter, inklusive fritt antall pr\u00f8veskudd&nbsp;<\/li>\n<\/ul>\n\n\n\n<p><strong>Skivemateriel<\/strong>&nbsp;<\/p>\n\n\n\n<ul class=\"wp-block-list\">\n<li>8F og 8G skytes p\u00e5 silhuettpistolskive.&nbsp;<\/li>\n\n\n\n<li>8L skytes p\u00e5 ISSFs luftskive.&nbsp;<\/li>\n<\/ul>\n\n\n\n<p><strong>Funksjoneringsfeil<\/strong>&nbsp;<\/p>\n\n\n\n<ul class=\"wp-block-list\">\n<li>Det tillates maksimum to funksjoneringsfeil totalt for hele programmet, maksimalt \u00e9n i hver del\u00f8velse.&nbsp;<\/li>\n<\/ul>\n\n\n\n<p><strong>Merkeskyting<\/strong>&nbsp;<\/p>\n\n\n\n<ul class=\"wp-block-list\">\n<li>Resultater kan brukes for merkeskyting, jf. <a href=\"https:\/\/www.skyting.no\/wp-content\/uploads\/2021\/10\/nais-kvartmatch-program.pdf\">eget reglement for NAIS<\/a>.\u00a0<\/li>\n<\/ul>\n\n\n\n<p><\/p>\n\n\n\n<p><\/p>\n\n\n\n<h2 class=\"wp-block-heading\">Skive<\/h2>\n\n\n\n<p><\/p>\n\n\n\n<p><\/p>\n\n\n\n<figure class=\"wp-block-image size-full\"><img loading=\"lazy\" decoding=\"async\" width=\"462\" height=\"488\" src=\"https:\/\/assk.no\/wp-content\/uploads\/2023\/06\/image.png\" alt=\"\" class=\"wp-image-2597\" srcset=\"https:\/\/assk.no\/wp-content\/uploads\/2023\/06\/image.png 462w, https:\/\/assk.no\/wp-content\/uploads\/2023\/06\/image-284x300.png 284w\" sizes=\"auto, (max-width: 462px) 100vw, 462px\" \/><\/figure>\n","protected":false},"excerpt":{"rendered":"<p>Generelt &nbsp; Duellseriene f\u00f8lger ISSFs regler for hurtigdelen av 25 m pistol. \u00d8vrige del\u00f8velser f\u00f8lger ISSFs reglement for standardpistol. Luft\u00f8velsen f\u00f8lger ISSFs regler for 10 m pistol. F\u00f8lgende nasjonale tilpasninger &hellip; <a href=\"https:\/\/assk.no\/index.php\/nais8\/\" class=\"more-link\">Fortsett \u00e5 lese <span class=\"screen-reader-text\">NAIS(8)<\/span> <span class=\"meta-nav\">&rarr;<\/span><\/a><\/p>\n","protected":false},"author":1,"featured_media":0,"parent":0,"menu_order":0,"comment_status":"closed","ping_status":"closed","template":"","meta":{"footnotes":""},"class_list":["post-2596","page","type-page","status-publish","hentry"],"_links":{"self":[{"href":"https:\/\/assk.no\/index.php\/wp-json\/wp\/v2\/pages\/2596","targetHints":{"allow":["GET"]}}],"collection":[{"href":"https:\/\/assk.no\/index.php\/wp-json\/wp\/v2\/pages"}],"about":[{"href":"https:\/\/assk.no\/index.php\/wp-json\/wp\/v2\/types\/page"}],"author":[{"embeddable":true,"href":"https:\/\/assk.no\/index.php\/wp-json\/wp\/v2\/users\/1"}],"replies":[{"embeddable":true,"href":"https:\/\/assk.no\/index.php\/wp-json\/wp\/v2\/comments?post=2596"}],"version-history":[{"count":5,"href":"https:\/\/assk.no\/index.php\/wp-json\/wp\/v2\/pages\/2596\/revisions"}],"predecessor-version":[{"id":2649,"href":"https:\/\/assk.no\/index.php\/wp-json\/wp\/v2\/pages\/2596\/revisions\/2649"}],"wp:attachment":[{"href":"https:\/\/assk.no\/index.php\/wp-json\/wp\/v2\/media?parent=2596"}],"curies":[{"name":"wp","href":"https:\/\/api.w.org\/{rel}","templated":true}]}}