{"id":3692,"date":"2026-02-12T09:41:48","date_gmt":"2026-02-12T09:41:48","guid":{"rendered":"https:\/\/assk.no\/?page_id=3692"},"modified":"2026-02-12T09:41:49","modified_gmt":"2026-02-12T09:41:49","slug":"aktivlogg","status":"publish","type":"page","link":"https:\/\/assk.no\/index.php\/aktivlogg\/","title":{"rendered":"Aktivlogg"},"content":{"rendered":"\n<p>Alta Sportskytterklubb har valgt Aktivlogg for \u00e5 registrere oppm\u00f8te og treninger. I tillegg f\u00e5r vi oversikt over salg av ammunisjon. For \u00e5 ta i bruk Aktivlogg f\u00f8lger du disse instruksjonene.<\/p>\n\n\n\n<p><a href=\"https:\/\/assk.no\/wp-content\/uploads\/2026\/02\/Oppmoteregistrering-ASSK.pdf\">Akrivlogg oppm\u00f8teregistrering<\/a><\/p>\n\n\n\n<p><a href=\"https:\/\/assk.no\/wp-content\/uploads\/2026\/02\/Aktivlogg-MinProfil.pdf\">Aktivlogg MinProfil<\/a><\/p>\n\n\n\n<p><\/p>\n","protected":false},"excerpt":{"rendered":"<p>Alta Sportskytterklubb har valgt Aktivlogg for \u00e5 registrere oppm\u00f8te og treninger. I tillegg f\u00e5r vi oversikt over salg av ammunisjon. For \u00e5 ta i bruk Aktivlogg f\u00f8lger du disse instruksjonene. &hellip; <a href=\"https:\/\/assk.no\/index.php\/aktivlogg\/\" class=\"more-link\">Fortsett \u00e5 lese <span class=\"screen-reader-text\">Aktivlogg<\/span> <span class=\"meta-nav\">&rarr;<\/span><\/a><\/p>\n","protected":false},"author":1,"featured_media":0,"parent":0,"menu_order":0,"comment_status":"closed","ping_status":"closed","template":"","meta":{"footnotes":""},"class_list":["post-3692","page","type-page","status-publish","hentry"],"_links":{"self":[{"href":"https:\/\/assk.no\/index.php\/wp-json\/wp\/v2\/pages\/3692","targetHints":{"allow":["GET"]}}],"collection":[{"href":"https:\/\/assk.no\/index.php\/wp-json\/wp\/v2\/pages"}],"about":[{"href":"https:\/\/assk.no\/index.php\/wp-json\/wp\/v2\/types\/page"}],"author":[{"embeddable":true,"href":"https:\/\/assk.no\/index.php\/wp-json\/wp\/v2\/users\/1"}],"replies":[{"embeddable":true,"href":"https:\/\/assk.no\/index.php\/wp-json\/wp\/v2\/comments?post=3692"}],"version-history":[{"count":3,"href":"https:\/\/assk.no\/index.php\/wp-json\/wp\/v2\/pages\/3692\/revisions"}],"predecessor-version":[{"id":3696,"href":"https:\/\/assk.no\/index.php\/wp-json\/wp\/v2\/pages\/3692\/revisions\/3696"}],"wp:attachment":[{"href":"https:\/\/assk.no\/index.php\/wp-json\/wp\/v2\/media?parent=3692"}],"curies":[{"name":"wp","href":"https:\/\/api.w.org\/{rel}","templated":true}]}}